{"version":"1.0","provider_name":"Live Magazine","provider_url":"https:\/\/www.livemag.it","author_name":"italpress","author_url":"https:\/\/www.livemag.it\/index.php\/author\/italpress\/","title":"Roccella \"L\u2019unit\u00e0 nel centrodestra c\u2019\u00e8 sempre stata\" - Live Magazine","type":"rich","width":600,"height":338,"html":"<blockquote class=\"wp-embedded-content\" data-secret=\"jkdXeo2zE2\"><a href=\"https:\/\/www.livemag.it\/index.php\/2024\/12\/01\/roccella-lunita-nel-centrodestra-ce-sempre-stata\/\"><div>Roccella &#8220;L\u2019unit\u00e0 nel centrodestra c\u2019\u00e8 sempre stata&#8221;<\/div><\/a><\/blockquote><iframe sandbox=\"allow-scripts\" security=\"restricted\" src=\"https:\/\/www.livemag.it\/index.php\/2024\/12\/01\/roccella-lunita-nel-centrodestra-ce-sempre-stata\/embed\/#?secret=jkdXeo2zE2\" width=\"600\" height=\"338\" title=\"&#8220;&lt;div&gt;Roccella &#8220;L\u2019unit\u00e0 nel centrodestra c\u2019\u00e8 sempre stata&#8221;&lt;\/div&gt;&#8221; &#8212; Live Magazine\" data-secret=\"jkdXeo2zE2\" frameborder=\"0\" marginwidth=\"0\" marginheight=\"0\" scrolling=\"no\" class=\"wp-embedded-content\"><\/iframe><script type=\"text\/javascript\">\n\/* <![CDATA[ *\/\n\/*! This file is auto-generated *\/\n!function(d,l){\"use strict\";l.querySelector&&d.addEventListener&&\"undefined\"!=typeof URL&&(d.wp=d.wp||{},d.wp.receiveEmbedMessage||(d.wp.receiveEmbedMessage=function(e){var t=e.data;if((t||t.secret||t.message||t.value)&&!\/[^a-zA-Z0-9]\/.test(t.secret)){for(var s,r,n,a=l.querySelectorAll('iframe[data-secret=\"'+t.secret+'\"]'),o=l.querySelectorAll('blockquote[data-secret=\"'+t.secret+'\"]'),c=new RegExp(\"^https?:$\",\"i\"),i=0;i<o.length;i++)o[i].style.display=\"none\";for(i=0;i<a.length;i++)s=a[i],e.source===s.contentWindow&&(s.removeAttribute(\"style\"),\"height\"===t.message?(1e3<(r=parseInt(t.value,10))?r=1e3:~~r<200&&(r=200),s.height=r):\"link\"===t.message&&(r=new URL(s.getAttribute(\"src\")),n=new URL(t.value),c.test(n.protocol))&&n.host===r.host&&l.activeElement===s&&(d.top.location.href=t.value))}},d.addEventListener(\"message\",d.wp.receiveEmbedMessage,!1),l.addEventListener(\"DOMContentLoaded\",function(){for(var e,t,s=l.querySelectorAll(\"iframe.wp-embedded-content\"),r=0;r<s.length;r++)(t=(e=s[r]).getAttribute(\"data-secret\"))||(t=Math.random().toString(36).substring(2,12),e.src+=\"#?secret=\"+t,e.setAttribute(\"data-secret\",t)),e.contentWindow.postMessage({message:\"ready\",secret:t},\"*\")},!1)))}(window,document);\n\/\/# sourceURL=https:\/\/www.livemag.it\/wp-includes\/js\/wp-embed.min.js\n\/* ]]> *\/\n<\/script>\n","thumbnail_url":"https:\/\/www.livemag.it\/wp-content\/uploads\/2024\/02\/ograph.jpg","thumbnail_width":1200,"thumbnail_height":675,"description":"\u201cL\u2019unit\u00e0 nel centrodestra c\u2019\u00e8 sempre stata: c\u2019\u00e8 molta strumentalizzazione, perch\u00e9 \u00e8 normale che all\u2019interno di una coalizione ci sia una dialettica particolare soprattutto quando c\u2019\u00e8 da impegnare risorse con la finanziaria. Ci possono essere opinioni diverse ma c\u2019\u00e8 un&#8217;unit\u00e0 di fondo, perch\u00e9 sono i nostri elettori che ci vogliono uniti\u201d. Cos\u00ec la ministra per la [&hellip;]"}

Roccella "L’unità nel centrodestra c’è sempre stata" - Live Magazine

<blockquote class="wp-embedded-content" data-secret="jkdXeo2zE2"><a href="https://www.livemag.it/index.php/2024/12/01/roccella-lunita-nel-centrodestra-ce-sempre-stata/"><div>Roccella &#8220;L’unità nel centrodestra c’è sempre stata&#8221;</div></a></blockquote><iframe sandbox="allow-scripts" security="restricted" src="https://www.livemag.it/index.php/2024/12/01/roccella-lunita-nel-centrodestra-ce-sempre-stata/embed/#?secret=jkdXeo2zE2" width="600" height="338" title="&#8220;&lt;div&gt;Roccella &#8220;L’unità nel centrodestra c’è sempre stata&#8221;&lt;/div&gt;&#8221; &#8212; Live Magazine" data-secret="jkdXeo2zE2" frameborder="0" marginwidth="0" marginheight="0" scrolling="no" class="wp-embedded-content"></iframe><script type="text/javascript">
/* <![CDATA[ */
/*! This file is auto-generated */
!function(d,l){"use strict";l.querySelector&&d.addEventListener&&"undefined"!=typeof URL&&(d.wp=d.wp||{},d.wp.receiveEmbedMessage||(d.wp.receiveEmbedMessage=function(e){var t=e.data;if((t||t.secret||t.message||t.value)&&!/[^a-zA-Z0-9]/.test(t.secret)){for(var s,r,n,a=l.querySelectorAll('iframe[data-secret="'+t.secret+'"]'),o=l.querySelectorAll('blockquote[data-secret="'+t.secret+'"]'),c=new RegExp("^https?:$","i"),i=0;i<o.length;i++)o[i].style.display="none";for(i=0;i<a.length;i++)s=a[i],e.source===s.contentWindow&&(s.removeAttribute("style"),"height"===t.message?(1e3<(r=parseInt(t.value,10))?r=1e3:~~r<200&&(r=200),s.height=r):"link"===t.message&&(r=new URL(s.getAttribute("src")),n=new URL(t.value),c.test(n.protocol))&&n.host===r.host&&l.activeElement===s&&(d.top.location.href=t.value))}},d.addEventListener("message",d.wp.receiveEmbedMessage,!1),l.addEventListener("DOMContentLoaded",function(){for(var e,t,s=l.querySelectorAll("iframe.wp-embedded-content"),r=0;r<s.length;r++)(t=(e=s[r]).getAttribute("data-secret"))||(t=Math.random().toString(36).substring(2,12),e.src+="#?secret="+t,e.setAttribute("data-secret",t)),e.contentWindow.postMessage({message:"ready",secret:t},"*")},!1)))}(window,document);
//# sourceURL=https://www.livemag.it/wp-includes/js/wp-embed.min.js
/* ]]> */
</script>

“L’unità nel centrodestra c’è sempre stata: c’è molta strumentalizzazione, perché è normale che all’interno di una coalizione ci sia una dialettica particolare soprattutto quando c’è da impegnare risorse con la finanziaria. Ci possono essere opinioni diverse ma c’è un&#8217;unità di fondo, perché sono i nostri elettori che ci vogliono uniti”. Così la ministra per la [&hellip;]
