{"version":"1.0","provider_name":"Live Magazine","provider_url":"https:\/\/www.livemag.it","author_name":"italpress","author_url":"https:\/\/www.livemag.it\/index.php\/author\/italpress\/","title":"Manovra, Meloni \u201cSanit\u00e0 resta priorit\u00e0 del governo\u201d - Live Magazine","type":"rich","width":600,"height":338,"html":"<blockquote class=\"wp-embedded-content\" data-secret=\"UOiWN9XqOD\"><a href=\"https:\/\/www.livemag.it\/index.php\/2024\/10\/16\/manovra-meloni-sanita-resta-priorita-del-governo\/\">Manovra, Meloni \u201cSanit\u00e0 resta priorit\u00e0 del governo\u201d<\/a><\/blockquote><iframe sandbox=\"allow-scripts\" security=\"restricted\" src=\"https:\/\/www.livemag.it\/index.php\/2024\/10\/16\/manovra-meloni-sanita-resta-priorita-del-governo\/embed\/#?secret=UOiWN9XqOD\" width=\"600\" height=\"338\" title=\"&#8220;Manovra, Meloni \u201cSanit\u00e0 resta priorit\u00e0 del governo\u201d&#8221; &#8212; Live Magazine\" data-secret=\"UOiWN9XqOD\" frameborder=\"0\" marginwidth=\"0\" marginheight=\"0\" scrolling=\"no\" class=\"wp-embedded-content\"><\/iframe><script type=\"text\/javascript\">\n\/* <![CDATA[ *\/\n\/*! This file is auto-generated *\/\n!function(d,l){\"use strict\";l.querySelector&&d.addEventListener&&\"undefined\"!=typeof URL&&(d.wp=d.wp||{},d.wp.receiveEmbedMessage||(d.wp.receiveEmbedMessage=function(e){var t=e.data;if((t||t.secret||t.message||t.value)&&!\/[^a-zA-Z0-9]\/.test(t.secret)){for(var s,r,n,a=l.querySelectorAll('iframe[data-secret=\"'+t.secret+'\"]'),o=l.querySelectorAll('blockquote[data-secret=\"'+t.secret+'\"]'),c=new RegExp(\"^https?:$\",\"i\"),i=0;i<o.length;i++)o[i].style.display=\"none\";for(i=0;i<a.length;i++)s=a[i],e.source===s.contentWindow&&(s.removeAttribute(\"style\"),\"height\"===t.message?(1e3<(r=parseInt(t.value,10))?r=1e3:~~r<200&&(r=200),s.height=r):\"link\"===t.message&&(r=new URL(s.getAttribute(\"src\")),n=new URL(t.value),c.test(n.protocol))&&n.host===r.host&&l.activeElement===s&&(d.top.location.href=t.value))}},d.addEventListener(\"message\",d.wp.receiveEmbedMessage,!1),l.addEventListener(\"DOMContentLoaded\",function(){for(var e,t,s=l.querySelectorAll(\"iframe.wp-embedded-content\"),r=0;r<s.length;r++)(t=(e=s[r]).getAttribute(\"data-secret\"))||(t=Math.random().toString(36).substring(2,12),e.src+=\"#?secret=\"+t,e.setAttribute(\"data-secret\",t)),e.contentWindow.postMessage({message:\"ready\",secret:t},\"*\")},!1)))}(window,document);\n\/\/# sourceURL=https:\/\/www.livemag.it\/wp-includes\/js\/wp-embed.min.js\n\/* ]]> *\/\n<\/script>\n","thumbnail_url":"https:\/\/www.livemag.it\/wp-content\/uploads\/2024\/02\/ograph.jpg","thumbnail_width":1200,"thumbnail_height":675,"description":"BRUXELLES (BELGIO) (ITALPRESS) \u2013 \u201cLa sanit\u00e0 da tre anni rimane la nostra priorit\u00e0\u201d ma \u201cqueste sono le risorse che noi abbiamo. Certo, se non avessimo speso allegramente in altri anni, ne avremmo avute di pi\u00f9. Pi\u00f9 di stabilire che sia una delle mie priorit\u00e0 non posso fare\u201d. Lo ha detto la presidente del Consiglio, Giorgia [&hellip;]"}

Manovra, Meloni “Sanità resta priorità del governo” - Live Magazine

<blockquote class="wp-embedded-content" data-secret="UOiWN9XqOD"><a href="https://www.livemag.it/index.php/2024/10/16/manovra-meloni-sanita-resta-priorita-del-governo/">Manovra, Meloni “Sanità resta priorità del governo”</a></blockquote><iframe sandbox="allow-scripts" security="restricted" src="https://www.livemag.it/index.php/2024/10/16/manovra-meloni-sanita-resta-priorita-del-governo/embed/#?secret=UOiWN9XqOD" width="600" height="338" title="&#8220;Manovra, Meloni “Sanità resta priorità del governo”&#8221; &#8212; Live Magazine" data-secret="UOiWN9XqOD" frameborder="0" marginwidth="0" marginheight="0" scrolling="no" class="wp-embedded-content"></iframe><script type="text/javascript">
/* <![CDATA[ */
/*! This file is auto-generated */
!function(d,l){"use strict";l.querySelector&&d.addEventListener&&"undefined"!=typeof URL&&(d.wp=d.wp||{},d.wp.receiveEmbedMessage||(d.wp.receiveEmbedMessage=function(e){var t=e.data;if((t||t.secret||t.message||t.value)&&!/[^a-zA-Z0-9]/.test(t.secret)){for(var s,r,n,a=l.querySelectorAll('iframe[data-secret="'+t.secret+'"]'),o=l.querySelectorAll('blockquote[data-secret="'+t.secret+'"]'),c=new RegExp("^https?:$","i"),i=0;i<o.length;i++)o[i].style.display="none";for(i=0;i<a.length;i++)s=a[i],e.source===s.contentWindow&&(s.removeAttribute("style"),"height"===t.message?(1e3<(r=parseInt(t.value,10))?r=1e3:~~r<200&&(r=200),s.height=r):"link"===t.message&&(r=new URL(s.getAttribute("src")),n=new URL(t.value),c.test(n.protocol))&&n.host===r.host&&l.activeElement===s&&(d.top.location.href=t.value))}},d.addEventListener("message",d.wp.receiveEmbedMessage,!1),l.addEventListener("DOMContentLoaded",function(){for(var e,t,s=l.querySelectorAll("iframe.wp-embedded-content"),r=0;r<s.length;r++)(t=(e=s[r]).getAttribute("data-secret"))||(t=Math.random().toString(36).substring(2,12),e.src+="#?secret="+t,e.setAttribute("data-secret",t)),e.contentWindow.postMessage({message:"ready",secret:t},"*")},!1)))}(window,document);
//# sourceURL=https://www.livemag.it/wp-includes/js/wp-embed.min.js
/* ]]> */
</script>

BRUXELLES (BELGIO) (ITALPRESS) – “La sanità da tre anni rimane la nostra priorità” ma “queste sono le risorse che noi abbiamo. Certo, se non avessimo speso allegramente in altri anni, ne avremmo avute di più. Più di stabilire che sia una delle mie priorità non posso fare”. Lo ha detto la presidente del Consiglio, Giorgia [&hellip;]
